 n?
10
Suppose 2*x + q = 943, x - 218 - 281 = 5*q. Calculate the greatest common divisor of 6 and x.
6
Let p be (-1728)/(-28) - 6/(-21). Let k = p + -58. Suppose 2*w = -5*a - 3*w + 50, 58 = k*a - 5*w. What is the greatest common divisor of 48 and a?
12
Suppose -106*w + 105*w = -y + 32, 3*w + 129 = 4*y. Let q be (-1)/3 + (-1844)/12. Let s = -110 - q. Calculate the greatest common factor of s and y.
11
Suppose 5599*u - 15480 = 5590*u. What is the greatest common factor of 24 and u?
8
Let n be 20/(-320)*-48*187. Let o be (-10)/(-45) + (-590)/(-18). Calculate the highest common factor of n and o.
33
Let u be (96/(-18) - -4)*3. Let t be (1 - -21)/((-4)/(u/1)). What is the greatest common divisor of 154 and t?
22
Suppose -201*m + 238867 - 178234 + 386190 = 0. Calculate the greatest common factor of 273 and m.
39
Suppose -86*c + 396 = -20*c. What is the highest common factor of 46 and c?
2
Let v(a) = 153*a**2 - 102*a + 104. Let q be v(1). What is the highest common factor of 1798 and q?
31
Let g(u) be the third derivative of u**6/120 + u**5/12 + u**4/24 + 13*u**3/3 - 72*u**2. Let v be g(-5). What is the highest common divisor of 147 and v?
21
Let f be (4/10)/((-108)/90) + (-16)/(-3). What is the greatest common divisor of f and 65?
5
Let v = 3662 + -3642. Calculate the highest common divisor of 136 and v.
4
Let p be 21/((-4)/(64/(-6))). Suppose -p = 3*o - 170. Let q be 13468/(-611) + 22 - 5362/(-94). What is the greatest common divisor of q and o?
19
Let c be 34566/102 - 18/(-153). Let x = 342 - c. Suppose 2*m = 5*l + 13, 43 = 5*m - 0*l - 2*l. Calculate the highest common divisor of x and m.
3
Let h(z) = -15*z + 58. Let s(g) = g. Let t(y) = h(y) - 5*s(y). Let r be t(-7). Let n be (-32)/(-2) - (-6)/3. What is the greatest common divisor of n and r?
18
Let z(j) = 1 - 66 + 205 + 13*j - j**2. Let h be z(15). Calculate the highest common divisor of h and 100.
10
Let a(b) = -b + 8*b**2 + 20 - 10*b**2 + b**2. Let x = 1 - 1. Let l be a(x). Calculate the highest common factor of l and 140.
20
Let s(a) = 12*a**2 - 70*a - 21. Let r be s(8). Calculate the greatest common factor of 297 and r.
11
Let f(z) = 21*z - 958. Let q be f(46). What is the greatest common divisor of 556 and q?
4
Suppose -110*m = 333*m - 90372. What is the highest common divisor of m and 3536?
68
Let o(c) = 2*c**3 + 4*c + 77. Let l be o(0). Suppose l*z = 68*z + 378. Calculate the greatest common divisor of 112 and z.
14
Let i be 18/48 - 46137/(-104). What is the greatest common divisor of i and 333?
111
Let l = 34 - 17. Let d be (-4)/18 + (-40)/(-18). Calculate the highest common divisor of l and d.
1
Suppose -304*d - 73*d + 187143 = -56*d. Calculate the greatest common factor of d and 704.
11
Let r = -711 + 708. Let j be (3 + r)/(-3 + 4) - -5. Calculate the greatest common factor of j and 155.
5
Suppose i - 65 = -5*s, 8*s - 106 = -2*i + 4*s. Suppose 2 = -x + 1, i = j - 5*x. Calculate the greatest common divisor of j and 64.
8
Let r = 2827 + -2795. Calculate the greatest common divisor of 176 and r.
16
Let o be (10/(-8))/(1/24) + -6. Let u be 1 + (129/(-6))/(6/o). Calculate the greatest common factor of 70 and u.
10
Suppose -3*p + 154*s + 1712 = 149*s, 0 = 2*p + 6*s - 1216. What is the highest common factor of 10 and p?
2
Let d(v) be the third derivative of v**5/6 - 7*v**4/12 - 10*v**3/3 - 14*v**2 - v. Let m be d(-3). What is the highest common divisor of m and 56?
56
Suppose -b + 94 - 36 = 0. Let i = -12 + 16. Suppose -i*a - 108 = -4*g - 0*a, -95 = -3*g - 4*a. Calculate the greatest common divisor of b and g.
29
Suppose -20043 = -0*w - 131*w. Calculate the greatest common factor of 4743 and w.
153
Suppose 150*q = 2*q + 88208. Calculate the greatest common factor of q and 24.
4
Let n(w) = w**3 - 12*w**2 - 5*w - 10. Let a be n(5). Let f = a - -70. Let j be (-6552)/f + (-8)/10. Calculate the highest common factor of j and 46.
46
Suppose -135 = -24*o - 39. Suppose -o*p - p + 2045 = 5*i, -i = -2. Let x be 3/(((-45)/(-111))/5). Calculate the highest common divisor of x and p.
37
Let o be 10915 - 600/48*2. What is the highest common factor of 297 and o?
99
Let l(u) be the first derivative of 21*u**2/2 - 13*u - 54. Let y be l(9). Suppose -2*f - 3*f + 110 = 0. Calculate the highest common factor of y and f.
22
Let i(q) = -q**3 - 16*q**2 - 51*q - 56. Let h be i(-13). What is the greatest common divisor of 250 and h?
50
Let m be 2*1 - (-1 + 0). Suppose m*s - 2*b = 98, 5*b + 7 - 2 = 0. Let u be 12/5 + 4048/2530. What is the greatest common divisor of s and u?
4
Let v(r) = 52*r - 152 + 7 - 39*r. Let o be v(19). Calculate the greatest common divisor of o and 561.
51
Let l = -439 + 312. Suppose -346*r = 184*r - 68900. Let n = l + r. What is the highest common divisor of 33 and n?
3
Suppose 47*m + 2*j - 214 = 43*m, 9 = 3*j. Calculate the greatest common divisor of 2028 and m.
52
Let a(w) = w**3 + 6*w**2 - w + 4. Let h be a(-6). Suppose -p = -2*j - 19, 3*j + 69 - 30 = 5*p. What is the greatest common factor of p and h?
1
Let c = 5946 + -2297. Calculate the highest common factor of c and 82.
41
Let c(w) = 2*w**3 + 31*w**2 + 15*w + 16. Let i be c(-15). Suppose 0 = -m + i + 42. Suppose -p + 5*p - 348 = 0. What is the highest common divisor of m and p?
29
Suppose 4*a - 18 = -w, 6*a - w = a + 18. Let i be ((0 - -1) + a)*1710/150. Let j = i + -48. Calculate the greatest common divisor of 72 and j.
9
Suppose -386 = -24*v + 699 + 523. Calculate the greatest common factor of v and 3551.
67
Let a(d) = 57*d - 6. Let w be a(2). Let l = w + -10. Calculate the greatest common factor of l and 70.
14
Let c = 28724 - 28673. Calculate the highest common factor of 1445 and c.
17
Let f be (-3)/(-3)*(-2 - (3 + -4)). Let b(a) = -286*a - 6. Let s be b(f). Calculate the highest common factor of 35 and s.
35
Suppose -92*y - 2*d = -91*y - 30, 0 = -y + 2*d + 34. Let r be ((-54)/(-5))/(15/100). Calculate the greatest common divisor of y and r.
8
Suppose -13*g - 2*u = -8*g - 308, -250 = -4*g - u. What is the greatest common divisor of 2272 and g?
32
Let i be 4/52 + (-44832)/104. Let d = 453 + i. What is the highest common factor of d and 1298?
22
Suppose 3*u + 58 = 175. What is the greatest common divisor of u and 1651?
13
Suppose -5*x - 2 = -37. Suppose x*j + 60 = 12*j. Calculate the greatest common factor of 132 and j.
12
Suppose -4*y - 5057 = -3*m, 1684 = 15*m - 14*m - y. What is the highest common divisor of 73 and m?
73
Suppose -17*w + 83328 = 39*w. What is the highest common factor of 64 and w?
16
Let l(d) = -2 - 2 + 64*d - 4 - 17*d. Let g be l(4). Suppose -44 = -2*n + z, 5*n = 5*z + 2 + 118. What is the highest common factor of g and n?
20
Let k be 13/(-9 + 61)*(-5340)/(-3). Calculate the highest common factor of 65 and k.
5
Let j(b) = 3*b**2 + 5*b + 12. Let n be j(12). Suppose -3969 = -118*a + 197*a - 12817. Calculate the highest common factor of n and a.
56
Let v = 271 + -269. Suppose 5*t + 480 = v*o, 4*o - 7*o + t + 733 = 0. What is the highest common factor of 49 and o?
49
Suppose -4*b - 11*j = -7*j - 356, 6*b - 507 = 3*j. Suppose -5*i + 2838 = -2*i. What is the highest common factor of i and b?
86
Let j be 3630/(-8) - 6/24. Let a = j - -464. What is the highest common factor of 320 and a?
10
Suppose -12*z = 15*z - 8*z - 493582. What is the highest common divisor of 62 and z?
62
Let l = 99 + -67. Let i = 5 + -3. Let q be i/4*122 + 3. What is the highest common divisor of q and l?
32
Let m(k) = 2*k**3 + 2*k**2 - 6*k + 9. Let t be m(4). Let z = t + -131. What is the greatest common factor of z and 105?
7
Let t = -10 - -11. Suppose 0 = d - t, -4*d - 18 = -p - 0. Let u(a) = 10*a - 30. Let m be u(p). Calculate the highest common factor of 38 and m.
38
Let w be (0/(-1) - -99) + -1. Suppose 5*n + 0*n - 4*v = 1708 - 1362, -5*v + 5 = 0. What is the highest common divisor of n and w?
14
Let q be -5 + (-11)/(77/(-63)). Suppose 3*v + v + q = 0, 3*v = -2*r + 45. Calculate the greatest common factor of r and 144.
24
Suppose 5 = 46*b - 45*b. Suppose 2*i - 2*x = 12, -b*i + 9*x - 6*x + 30 = 0. What is the highest common divisor of 414 and i?
6
Let h(r) = 2*r**2 + 18*r + 30. Let u be h(14). Let i = u - -338. Suppose 10*l - i = 438. What is the highest common divisor of 29 and l?
29
Suppose -6*r + 12 = 0, -4*s = -r - 3013 - 9981. What is 